pose g + g - 14 = -w*t, 3*g - 15 = -t. Suppose -g*f = -6*f + 66. What is the tens digit of f?
3
Let l(j) = 21*j**2 + 19*j + 32. Let f(c) = 20*c - 227. Let o be f(11). What is the tens digit of l(o)?
2
Suppose 46*b + 42856 = 210388. What is the tens digit of b?
4
Let l(i) = i**3 + 16*i**2 + 9*i + 3. Let a be l(-15). Let k(s) = 2*s**3 + 3*s**2 - s + 4. Let m be k(4). Let g = m - a. What is the units digit of g?
3
Let p(m) = -2*m - 19. Let r be p(-12). Suppose -187 = -r*a + 73. Let h = 122 - a. What is the tens digit of h?
7
Let v = 191 - 468. Let u = 326 + v. What is the tens digit of u?
4
Let i(s) = -10 + 9 - 16*s - 9 - 5*s - s**2. What is the units digit of i(-13)?
4
Let n(v) = -11*v + 205. Let k = -387 - -344. What is the tens digit of n(k)?
7
Let i(r) = 6*r + 74. Let d be i(-12). Suppose a + 8 = 2*g - 85, -4*g - d*a = -182. What is the units digit of g?
6
What is the units digit of ((-235335132)/(-19978))/((-5)/42 - (-3)/9)?
2
Suppose -2*q + 325220 = 8*z, -q = -2*z + 85013 - 3711. What is the ten thousands digit of z?
4
Let w(v) = -5*v**2 + 14*v + 61*v**3 - 60*v**3 - 4*v + v. What is the hundreds digit of w(8)?
2
Let a(c) be the first derivative of 74*c**3 - 8*c**2 - 31*c - 62. What is the hundreds digit of a(-2)?
8
Suppose -k + 5*u + 490 + 88 = 0, 0 = k - u - 590. Let b = -366 + k. What is the hundreds digit of b?
2
Let v(d) = d**3 - 76*d**2 - 1420*d - 166. What is the tens digit of v(97)?
8
Suppose 0 = 5*d + 5*h - 0*h, 12 = d - 3*h. Suppose -d*a + 18 = -0. What is the tens digit of 0 - a/4*2024/(-33)?
9
Let g(j) = 16*j**3. Let a be g(1). Suppose 0 = -d + a - 14. Suppose 2*x + d*x - 116 = 0. What is the tens digit of x?
2
Let l = -4878 - -12225. What is the hundreds digit of l?
3
Let n be ((1 - 4) + 3*1)/2. Suppose -4*y - 5*w = -2085, n*y = -2*y - 5*w + 1035. What is the tens digit of y?
2
Let g = 142 - 138. Suppose 2*w - 1140 = -2*w + 5*p, g*p - 16 = 0. What is the units digit of w?
0
Let g = -6693 + 14285. What is the units digit of g?
2
Suppose h - 3 = 0, -2*h = -4*y + 69 + 81. Suppose -11 = 7*s - y. Suppose -2*p + 2*n - 82 = -3*p, s*p = -n + 342. What is the units digit of p?
6
Let m(g) = 0 - 7*g - 4 + 2. Let y(u) = -14*u - 4. Let f(d) = -7*m(d) + 3*y(d). What is the units digit of f(2)?
6
Let v be 0 + 24/10*(-5)/(-3). What is the units digit of (166/14 + -9)/(v/350)?
0
Suppose 1 = x, 2*u + 4*x = u + 182. Suppose 4*s + 3*q = 19, 2 = q + 1. Let w = s + u. What is the units digit of w?
2
Let y(v) = v**3 - 4*v**2 + 9*v - 15. Let m be y(3). What is the tens digit of (870/(-9))/(m/(-9))?
9
Let o(t) = -t**3 - 12*t**2 - 6*t + 8. Let y be o(-9). Let l = y + 340. What is the units digit of l?
9
Suppose -4 + 4 = 2*i. Suppose i = -j + 4*v + 281, v = j - 142 - 133. What is the hundreds digit of j?
2
Let b(y) = -350*y**3 - 3*y**2 + 64*y + 182. What is the tens digit of b(-3)?
1
Suppose 111*h - 119*h = -16. Suppose -h*z + 523 = -333. What is the hundreds digit of z?
4
Let d(m) = -m**3 + 4*m**2 + 7*m - 8. Let k be d(4). Suppose -k*i = -21*i + 495. Suppose -11*x + 2*x + i = 0. What is the units digit of x?
5
Suppose 43*u - 6055 - 35010 = 0. What is the tens digit of u?
5
Let p(t) = t**3 - 6*t**2 + t - 6. Let m be p(5). Let d = -31 - m. What is the tens digit of (-15)/(-6)*(-92)/d?
4
What is the thousands digit of 6/9*22/(-44) - (-44762)/6?
7
Let n be ((-2430)/(-24))/(1/4) - -3. Suppose -x - 28 = -n. Suppose 5*g - g = x. What is the units digit of g?
5
Let q = -6983 + 22254. What is the units digit of q?
1
Suppose 231*i = -171*i + 640159 + 644231. What is the thousands digit of i?
3
Let m(j) = -j**3 - 34*j**2 - 66*j - 60. Let v be m(-32). Suppose -5*l - 2825 = -4*p - 6*l, 0 = -p - v*l + 710. What is the tens digit of p?
0
Suppose -2*m = z - 3288, -2*z = 3*m - 6*z - 4910. What is the hundreds digit of m?
6
Suppose -32*b + 9872 + 1328 = 0. What is the units digit of b?
0
Let r(d) be the third derivative of 0 + 0*d**4 - 1/3*d**3 + 0*d + 0*d**5 + 4*d**2 + 7/120*d**6. What is the tens digit of r(2)?
5
Let w = -4791 + 24306. What is the units digit of w?
5
Let q(a) = -4*a + 16. Let c be q(6). Let p = c - -8. Suppose j + p*j - 85 = -4*l, 4*j - 2*l = 376. What is the units digit of j?
3
Let r be (-125)/(-7) + -4 + (-145)/(-35). Let d(y) = 53*y + 9. What is the units digit of d(r)?
3
Let f(g) = 3*g - 31. Let j be f(13). Let m be (6/(-4))/(6/j). What is the units digit of ((-7)/m + -4)/((-3)/6)?
1
Suppose -2 - 1 = -3*n. Let f be ((-7)/2*n)/(2/(-108)). Let u = f - 92. What is the units digit of u?
7
Let k(g) = 6*g**2 + 18*g - 12. Let s be k(-9). Let l = s - 126. What is the tens digit of l?
8
Let b(p) = 4*p**2 + 28*p - 29. Let l be b(1). Suppose -l*y = -4 + 16, -4*y = -q + 1366. What is the hundreds digit of q?
3
Let j(t) = 24*t**2 - 3*t + 10*t**2 - 68 + 140 - 61. What is the tens digit of j(-5)?
7
Suppose 27 - 83 = -8*n. What is the units digit of 17 - (-12 + -3 + n)?
5
Suppose -3*j + 5*s + 2 = 0, 3*j = -5*s + 6 + 16. Suppose 0 = -2*d - 5*b + b + 20, 4*d - 28 = -j*b. Suppose -2*r = -d*r + 140. What is the units digit of r?
0
Let u(k) = -18*k - 91. Suppose 2*s + 46 = -5*z, 2*z + 3 = -2*s - 19. Let n be u(z). Suppose 297 = 2*b - n. What is the hundreds digit of b?
1
Let s be 5/(-2)*(-2408)/35. Let u be (4 - (2 - -2))/(-2). Suppose u*l = -2*l - 8, -4*l - s = -2*d. What is the units digit of d?
8
What is the tens digit of 42/231 + 100146/(-2)*5/(-33)?
8
Suppose 0 = -5*w + 5*x + 256990, 0 = -x + 454 - 457. What is the tens digit of w?
9
Suppose 20 = 7*p - 2*p. Let z be (-55)/(-20) - (-1)/p. Suppose l - 67 = 4*o, -36 + 237 = z*l - 4*o. What is the units digit of l?
7
Let f(u) = -10 - 3 - 2*u**2 + u**2 + 8 + 13*u. Let o be f(13). What is the units digit of o*(26/(-5) - (-3)/15)?
5
Let j(a) = 26*a - 1 - 5 + 2*a + 69*a. Let g be j(4). Suppose -2*b - 64 = -g. What is the units digit of b?
9
Let s(k) = 5*k**2 + k + 3. Let y(z) = 3*z**2 + z + 2. Let v(g) = -5*s(g) + 8*y(g). Let i be v(3). What is the hundreds digit of 3440/16 - 2*i?
2
Suppose 0 = 2*x + 4*t - 24, 4*x + 4*t = 22 + 6. Suppose 19*w - 366 = 15*w + x*n, -n = -1. What is the units digit of w?
2
Suppose 2*q - 2*p - 5048 = 13182, 27346 = 3*q - 4*p. What is the units digit of q?
4
Let j(s) = -258*s**2 - 51 + 259*s**2 + 16 + 14*s - 27. What is the hundreds digit of j(22)?
7
Let g(w) = 191*w + 98. Let x(k) = 64*k + 33. Let s(p) = -6*g(p) + 17*x(p). What is the tens digit of s(-6)?
2
Let f = 122 + -117. Let h(a) = a + 8. Let w be h(-8). Suppose -f*y - 3*u + 60 = u, w = 4*y - 4*u - 84. What is the tens digit of y?
1
Let z = 42004 - 20749. What is the units digit of z?
5
Suppose 6*d + 3358 = o, -5*o - d + 6*d = -16740. What is the units digit of o?
6
Let i = 18069 + -9151. What is the thousands digit of i?
8
Let j = 1807 + 48875. What is the thousands digit of j?
0
Suppose 0 = 5*p + 4*x - 185677, 2*x + 5 - 1 = 0. What is the ten thousands digit of p?
3
Let j(z) = 14*z - 8*z + 21*z + 8*z - 18. Let y be j(4). Let u = y - 84. What is the tens digit of u?
3
Suppose -2*j = -5*a - 34203, 4*j + 4*a - a = 68315. What is the tens digit of j?
8
What is the units digit of 24 + 6916/(-286) + 113634/22?
5
Let q(k) = 547*k**2 + 5*k - 5. Let v be q(1). Suppose -b + 414 = -2*j, -4*b = 2*j - v - 1149. What is the hundreds digit of b?
4
Let g(d) = -2*d**3 + 4 - 3*d**3 + 6*d + 2*d**2 + 6*d + 4*d**3. Let z be g(-6). Let s = -69 + z. What is the units digit of s?
1
Suppose 3 = -h + 2, 0 = 5*a + 3*h - 27547. Suppose 0 = -16*w - 13*w + a. What is the tens digit of w?
9
Let l(o) be the third derivative of o**5/20 - o**4/6 - 2*o**3/3 - 36*o**2. Let k be l(2). Let a(v) = -6*v + 11. What is the units digit of a(k)?
1
Suppose -5*u + 10139 = -2*l, -4*u + 8110 = 456*l - 458*l. What is the units digit of u?
9
Suppose 0 = -9*c + 46 + 8. Suppose c*z - 3563 = 1201. What is the units digit of z?
4
Let q be (-97)/4 + 6/24. Let m be 78/(-9)*q + 1. Let i = 317 - m. What is the tens digit of i?
0
Let u = 211 + -210. What is the hundreds digit of 614 - u*20/(-4)?
6
Suppose -115059 = -57*s + 5325. Suppose 3*t + 5*b = -0*b + 2112, b = 3*t - s. What is the units digit of t?
4
Suppose -82*g + 129*g - 692992 = -81*g. What is the tens digit of g?
1
Let a(f) = 5*f**2 + 13*f + 13. Let t(w) = 11*w**2 + 25*w + 31. Let u(b) = -5*a(b) + 3*t(b). What is the units digit 